{"id":341,"date":"2016-03-15T14:31:38","date_gmt":"2016-03-15T14:31:38","guid":{"rendered":"http:\/\/okthemes.com\/villenoirdemo\/?page_id=341"},"modified":"2024-11-05T11:32:34","modified_gmt":"2024-11-05T10:32:34","slug":"our-story","status":"publish","type":"page","link":"https:\/\/amandier.be\/1\/our-story\/","title":{"rendered":"Histoire"},"content":{"rendered":"<p>[vc_row full_width=&#8221;stretch_row&#8221; css_animation=&#8221;&#8221; css=&#8221;.vc_custom_1469107646994{padding-top: 120px !important;background-image: url(https:\/\/okthemes.com\/villenoirdemo\/wp-content\/uploads\/2016\/03\/our-story-back-image-17.jpg?id=1062) !important;background-position: 0 0 !important;background-repeat: no-repeat !important;}&#8221; el_class=&#8221;gg-force-background-bottom&#8221;][vc_column width=&#8221;1\/2&#8243; css_animation=&#8221;&#8221;][vc_column_text css_animation=&#8221;&#8221;]<\/p>\n<h2>L&#8217;Amandier<\/h2>\n<p>Le chef, Martin Volkaerts, est tomb\u00e9 dans la gastronomie tout petit. Depuis 2022 il a repris les r\u00eanes du restaurant familial et l&#8217;a d\u00e9m\u00e9nag\u00e9 dans un magnifique \u00e9crin de verdure au centre de Genval. Il y propose une cuisine gastronomique et gourmande, un lieu charg\u00e9 d&#8217;histoire, une ambiance chaleureuse et un cadre de charme[\/vc_column_text][\/vc_column][vc_column width=&#8221;1\/2&#8243; css_animation=&#8221;&#8221;]\n\t<div class=\"title-subtitle-box  vc_custom_1674299467554\" style=\" padding: 90px 0 0 0px; text-align: center;\">\n\t\t<h1 style=\" font-style: normal;\">Love what you do, do what you love.<\/h1>\n\t<\/div> [\/vc_column][\/vc_row][vc_row full_width=&#8221;stretch_row&#8221; css_animation=&#8221;&#8221; css=&#8221;.vc_custom_1460974692501{background-color: #f1f1f1 !important;}&#8221;][vc_column css_animation=&#8221;&#8221;]\n\t<div class=\"title-subtitle-box  vc_custom_1673014074274\" style=\" margin-bottom:90px; text-align: left;\">\n\t\t<p  style=\"\">L'Amandier<\/p>\n\t\t<h1 style=\" font-style: normal;\">Notre ligne du temps<\/h1>\n\t<\/div> <section id=\"cd-timeline\" class=\"cd-container horizontal\">\n\t<div class=\"cd-timeline-block\">\n\t\t<div class=\"cd-timeline-img cd-picture kd-animated \">\n\t\t<img decoding=\"async\" src=\"https:\/\/amandier.be\/1\/wp-content\/themes\/villenoir\/images\/cd-icon-location.svg\" alt=\"Location\">\n\t\t<\/div>\n\t\t<div class=\"cd-timeline-content kd-animated \">\n\t\t <img decoding=\"async\" class=\"wp-post-image \" src=\"https:\/\/amandier.be\/1\/wp-content\/uploads\/2023\/02\/logo.jpg\" alt=\"\" \/> \n\t\t<div class=\"cd-timeline-content-wrapper\">\n\t\t<p class=\"cd-title\">Ouverture de l'Amandier<\/p>\n\t\t<p>Les parents de Martin ouvrent l\u2019Amandier rue de Limalsart pr\u00e8s du lac de Genval<\/p>\n\t\t<h4 class=\"cd-date\">1991<\/h4>\n\t\t<\/div>\n\t\t<\/div>\n\t<\/div>\n\t<div class=\"cd-timeline-block\">\n\t\t<div class=\"cd-timeline-img cd-picture kd-animated \">\n\t\t<img decoding=\"async\" src=\"https:\/\/amandier.be\/1\/wp-content\/themes\/villenoir\/images\/cd-icon-location.svg\" alt=\"Location\">\n\t\t<\/div>\n\t\t<div class=\"cd-timeline-content kd-animated \">\n\t\t <img decoding=\"async\" class=\"wp-post-image \" src=\"https:\/\/amandier.be\/1\/wp-content\/uploads\/2023\/02\/stephanie.jpg\" alt=\"\" \/> \n\t\t<div class=\"cd-timeline-content-wrapper\">\n\t\t<p class=\"cd-title\">H\u00f4te de l\u2019ann\u00e9e<\/p>\n\t\t<p>St\u00e9phanie re\u00e7oit le prix Gault Millau d\u2019h\u00f4te de l\u2019ann\u00e9e.<\/p>\n\t\t<h4 class=\"cd-date\">2010<\/h4>\n\t\t<\/div>\n\t\t<\/div>\n\t<\/div>\n\t<div class=\"cd-timeline-block\">\n\t\t<div class=\"cd-timeline-img cd-picture kd-animated \">\n\t\t<img decoding=\"async\" src=\"https:\/\/amandier.be\/1\/wp-content\/themes\/villenoir\/images\/cd-icon-location.svg\" alt=\"Location\">\n\t\t<\/div>\n\t\t<div class=\"cd-timeline-content kd-animated \">\n\t\t <img decoding=\"async\" class=\"wp-post-image \" src=\"https:\/\/amandier.be\/1\/wp-content\/uploads\/2023\/02\/photo1.jpg\" alt=\"\" \/> \n\t\t<div class=\"cd-timeline-content-wrapper\">\n\t\t<p class=\"cd-title\">Martin rejoint Marco<\/p>\n\t\t<p>Martin rejoint Marco, son papa en cuisine.<\/p>\n\t\t<h4 class=\"cd-date\">2012<\/h4>\n\t\t<\/div>\n\t\t<\/div>\n\t<\/div>\n\t<div class=\"cd-timeline-block\">\n\t\t<div class=\"cd-timeline-img cd-picture kd-animated \">\n\t\t<img decoding=\"async\" src=\"https:\/\/amandier.be\/1\/wp-content\/themes\/villenoir\/images\/cd-icon-location.svg\" alt=\"Location\">\n\t\t<\/div>\n\t\t<div class=\"cd-timeline-content kd-animated \">\n\t\t <img decoding=\"async\" class=\"wp-post-image \" src=\"https:\/\/amandier.be\/1\/wp-content\/uploads\/2023\/02\/Martin-Pierre-Top-Chef-2015.jpg\" alt=\"\" \/> \n\t\t<div class=\"cd-timeline-content-wrapper\">\n\t\t<p class=\"cd-title\">Top Chef<\/p>\n\t\t<p>Martin participe \u00e0 l\u2019\u00e9mission Top Chef<\/p>\n\t\t<h4 class=\"cd-date\">2015<\/h4>\n\t\t<\/div>\n\t\t<\/div>\n\t<\/div>\n\t<div class=\"cd-timeline-block\">\n\t\t<div class=\"cd-timeline-img cd-picture kd-animated \">\n\t\t<img decoding=\"async\" src=\"https:\/\/amandier.be\/1\/wp-content\/themes\/villenoir\/images\/cd-icon-location.svg\" alt=\"Location\">\n\t\t<\/div>\n\t\t<div class=\"cd-timeline-content kd-animated \">\n\t\t <img decoding=\"async\" class=\"wp-post-image \" src=\"https:\/\/amandier.be\/1\/wp-content\/uploads\/2023\/02\/DSC06886-2.jpg\" alt=\"\" \/> \n\t\t<div class=\"cd-timeline-content-wrapper\">\n\t\t<p class=\"cd-title\">Changement de chef<\/p>\n\t\t<p>Martin prend les commandes des cuisines de L\u2019Amandier<\/p>\n\t\t<h4 class=\"cd-date\">2018<\/h4>\n\t\t<\/div>\n\t\t<\/div>\n\t<\/div>\n\t<div class=\"cd-timeline-block\">\n\t\t<div class=\"cd-timeline-img cd-picture kd-animated \">\n\t\t<img decoding=\"async\" src=\"https:\/\/amandier.be\/1\/wp-content\/themes\/villenoir\/images\/cd-icon-location.svg\" alt=\"Location\">\n\t\t<\/div>\n\t\t<div class=\"cd-timeline-content kd-animated \">\n\t\t <img decoding=\"async\" class=\"wp-post-image \" src=\"https:\/\/amandier.be\/1\/wp-content\/uploads\/2023\/02\/martin_volkaerts.jpg\" alt=\"\" \/> \n\t\t<div class=\"cd-timeline-content-wrapper\">\n\t\t<p class=\"cd-title\">Meilleur jeune chef de wallonie<\/p>\n\t\t<p>Martin remporte le prix Gault Millau du meilleur jeune chef de Wallonie<\/p>\n\t\t<h4 class=\"cd-date\">2021<\/h4>\n\t\t<\/div>\n\t\t<\/div>\n\t<\/div>\n\t<div class=\"cd-timeline-block\">\n\t\t<div class=\"cd-timeline-img cd-picture kd-animated \">\n\t\t<img decoding=\"async\" src=\"https:\/\/amandier.be\/1\/wp-content\/themes\/villenoir\/images\/cd-icon-location.svg\" alt=\"Location\">\n\t\t<\/div>\n\t\t<div class=\"cd-timeline-content kd-animated \">\n\t\t <img decoding=\"async\" class=\"wp-post-image \" src=\"https:\/\/amandier.be\/1\/wp-content\/uploads\/2023\/02\/322052301_1200494590583339_3967463796467893786_n-1.jpg\" alt=\"\" \/> \n\t\t<div class=\"cd-timeline-content-wrapper\">\n\t\t<p class=\"cd-title\">Le Cypr\u00e8s<\/p>\n\t\t<p>Le chef ouvre \u00e9galement un second restaurant, Le Cypr\u00e8s \u00e0 Genval .<br \/>\nC'est une cuisine de copains o\u00f9 il propose une cuisine bistronomique.<br \/>\nLe Cypres: 85, Avenue de M\u00e9rode \u00e0 Rixensart<br \/>\nhttps:\/\/lecypres.be<\/p>\n\t\t<h4 class=\"cd-date\">2022<\/h4>\n\t\t<\/div>\n\t\t<\/div>\n\t<\/div>\n\t<div class=\"cd-timeline-block\">\n\t\t<div class=\"cd-timeline-img cd-picture kd-animated \">\n\t\t<img decoding=\"async\" src=\"https:\/\/amandier.be\/1\/wp-content\/themes\/villenoir\/images\/cd-icon-location.svg\" alt=\"Location\">\n\t\t<\/div>\n\t\t<div class=\"cd-timeline-content kd-animated \">\n\t\t <img decoding=\"async\" class=\"wp-post-image \" src=\"https:\/\/amandier.be\/1\/wp-content\/uploads\/2023\/02\/amandier-new-14-1.jpg\" alt=\"\" \/> \n\t\t<div class=\"cd-timeline-content-wrapper\">\n\t\t<p class=\"cd-title\">L\u2019Amandier d\u00e9m\u00e9nage<\/p>\n\t\t<p>Septembre 2022: L\u2019Amandier d\u00e9m\u00e9nage Avenue Albert 1er, ou Martin et sa famille emm\u00e9nagent \u00e9galement.<\/p>\n\t\t<h4 class=\"cd-date\">2022<\/h4>\n\t\t<\/div>\n\t\t<\/div>\n\t<\/div>\n\t<div class=\"cd-timeline-block\">\n\t\t<div class=\"cd-timeline-img cd-picture kd-animated \">\n\t\t<img decoding=\"async\" src=\"https:\/\/amandier.be\/1\/wp-content\/themes\/villenoir\/images\/cd-icon-location.svg\" alt=\"Location\">\n\t\t<\/div>\n\t\t<div class=\"cd-timeline-content kd-animated \">\n\t\t <img decoding=\"async\" class=\"wp-post-image \" src=\"https:\/\/amandier.be\/1\/wp-content\/uploads\/2023\/02\/MIC2901.jpg\" alt=\"\" \/> \n\t\t<div class=\"cd-timeline-content-wrapper\">\n\t\t<p class=\"cd-title\">Glycine et Eucalyptus<\/p>\n\t\t<p>L'Amandier propose dor\u00e9navant des s\u00e9jours gastronomiques dans ses 2 chambres La Glycine et L'Eucalyptus<\/p>\n\t\t<h4 class=\"cd-date\">2023<\/h4>\n\t\t<\/div>\n\t\t<\/div>\n\t<\/div><\/section>[\/vc_column][\/vc_row]<\/p>\n","protected":false},"excerpt":{"rendered":"<p>[vc_row full_width=&#8221;stretch_row&#8221; css_animation=&#8221;&#8221; css=&#8221;.vc_custom_1469107646994{padding-top: 120px !important;background-image: url(https:\/\/okthemes.com\/villenoirdemo\/wp-content\/uploads\/2016\/03\/our-story-back-image-17.jpg?id=1062) !important;background-position: 0 0 !important;background-repeat: no-repeat !important;}&#8221; el_class=&#8221;gg-force-background-bottom&#8221;][vc_column width=&#8221;1\/2&#8243; css_animation=&#8221;&#8221;][vc_column_text css_animation=&#8221;&#8221;] L&#8217;Amandier Le chef, Martin Volkaerts, est tomb\u00e9 dans la gastronomie tout petit. Depuis 2022 il a repris les r\u00eanes du restaurant familial et l&#8217;a d\u00e9m\u00e9nag\u00e9 dans un magnifique \u00e9crin de verdure au centre de Genval. Il y propose<br class=\"read-more-spacer\"> <a class=\"more-link\" href=\"https:\/\/amandier.be\/1\/our-story\/\">Read More<\/a><\/p>\n","protected":false},"author":1,"featured_media":0,"parent":0,"menu_order":0,"comment_status":"closed","ping_status":"closed","template":"","meta":{"footnotes":""},"class_list":["post-341","page","type-page","status-publish","hentry"],"acf":[],"_links":{"self":[{"href":"https:\/\/amandier.be\/1\/wp-json\/wp\/v2\/pages\/341","targetHints":{"allow":["GET"]}}],"collection":[{"href":"https:\/\/amandier.be\/1\/wp-json\/wp\/v2\/pages"}],"about":[{"href":"https:\/\/amandier.be\/1\/wp-json\/wp\/v2\/types\/page"}],"author":[{"embeddable":true,"href":"https:\/\/amandier.be\/1\/wp-json\/wp\/v2\/users\/1"}],"replies":[{"embeddable":true,"href":"https:\/\/amandier.be\/1\/wp-json\/wp\/v2\/comments?post=341"}],"version-history":[{"count":5,"href":"https:\/\/amandier.be\/1\/wp-json\/wp\/v2\/pages\/341\/revisions"}],"predecessor-version":[{"id":1782,"href":"https:\/\/amandier.be\/1\/wp-json\/wp\/v2\/pages\/341\/revisions\/1782"}],"wp:attachment":[{"href":"https:\/\/amandier.be\/1\/wp-json\/wp\/v2\/media?parent=341"}],"curies":[{"name":"wp","href":"https:\/\/api.w.org\/{rel}","templated":true}]}}

<p>[vc_row full_width=&#8221;stretch_row&#8221; css_animation=&#8221;&#8221; css=&#8221;.vc_custom_1469107646994{padding-top: 120px !important;background-image: url(https://okthemes.com/villenoirdemo/wp-content/uploads/2016/03/our-story-back-image-17.jpg?id=1062) !important;background-position: 0 0 !important;background-repeat: no-repeat !important;}&#8221; el_class=&#8221;gg-force-background-bottom&#8221;][vc_column width=&#8221;1/2&#8243; css_animation=&#8221;&#8221;][vc_column_text css_animation=&#8221;&#8221;]</p>
<h2>L&#8217;Amandier</h2>
<p>Le chef, Martin Volkaerts, est tombé dans la gastronomie tout petit. Depuis 2022 il a repris les rênes du restaurant familial et l&#8217;a déménagé dans un magnifique écrin de verdure au centre de Genval. Il y propose une cuisine gastronomique et gourmande, un lieu chargé d&#8217;histoire, une ambiance chaleureuse et un cadre de charme[/vc_column_text][/vc_column][vc_column width=&#8221;1/2&#8243; css_animation=&#8221;&#8221;]
	<div class="title-subtitle-box  vc_custom_1674299467554" style=" padding: 90px 0 0 0px; text-align: center;">
		<h1 style=" font-style: normal;">Love what you do, do what you love.</h1>
	</div> [/vc_column][/vc_row][vc_row full_width=&#8221;stretch_row&#8221; css_animation=&#8221;&#8221; css=&#8221;.vc_custom_1460974692501{background-color: #f1f1f1 !important;}&#8221;][vc_column css_animation=&#8221;&#8221;]
	<div class="title-subtitle-box  vc_custom_1673014074274" style=" margin-bottom:90px; text-align: left;">
		<p  style="">L'Amandier</p>
		<h1 style=" font-style: normal;">Notre ligne du temps</h1>
	</div> <section id="cd-timeline" class="cd-container horizontal">
	<div class="cd-timeline-block">
		<div class="cd-timeline-img cd-picture kd-animated ">
		<img decoding="async" src="https://amandier.be/1/wp-content/themes/villenoir/images/cd-icon-location.svg" alt="Location">
		</div>
		<div class="cd-timeline-content kd-animated ">
		 <img decoding="async" class="wp-post-image " src="https://amandier.be/1/wp-content/uploads/2023/02/logo.jpg" alt="" /> 
		<div class="cd-timeline-content-wrapper">
		<p class="cd-title">Ouverture de l'Amandier</p>
		<p>Les parents de Martin ouvrent l’Amandier rue de Limalsart près du lac de Genval</p>
		<h4 class="cd-date">1991</h4>
		</div>
		</div>
	</div>
	<div class="cd-timeline-block">
		<div class="cd-timeline-img cd-picture kd-animated ">
		<img decoding="async" src="https://amandier.be/1/wp-content/themes/villenoir/images/cd-icon-location.svg" alt="Location">
		</div>
		<div class="cd-timeline-content kd-animated ">
		 <img decoding="async" class="wp-post-image " src="https://amandier.be/1/wp-content/uploads/2023/02/stephanie.jpg" alt="" /> 
		<div class="cd-timeline-content-wrapper">
		<p class="cd-title">Hôte de l’année</p>
		<p>Stéphanie reçoit le prix Gault Millau d’hôte de l’année.</p>
		<h4 class="cd-date">2010</h4>
		</div>
		</div>
	</div>
	<div class="cd-timeline-block">
		<div class="cd-timeline-img cd-picture kd-animated ">
		<img decoding="async" src="https://amandier.be/1/wp-content/themes/villenoir/images/cd-icon-location.svg" alt="Location">
		</div>
		<div class="cd-timeline-content kd-animated ">
		 <img decoding="async" class="wp-post-image " src="https://amandier.be/1/wp-content/uploads/2023/02/photo1.jpg" alt="" /> 
		<div class="cd-timeline-content-wrapper">
		<p class="cd-title">Martin rejoint Marco</p>
		<p>Martin rejoint Marco, son papa en cuisine.</p>
		<h4 class="cd-date">2012</h4>
		</div>
		</div>
	</div>
	<div class="cd-timeline-block">
		<div class="cd-timeline-img cd-picture kd-animated ">
		<img decoding="async" src="https://amandier.be/1/wp-content/themes/villenoir/images/cd-icon-location.svg" alt="Location">
		</div>
		<div class="cd-timeline-content kd-animated ">
		 <img decoding="async" class="wp-post-image " src="https://amandier.be/1/wp-content/uploads/2023/02/Martin-Pierre-Top-Chef-2015.jpg" alt="" /> 
		<div class="cd-timeline-content-wrapper">
		<p class="cd-title">Top Chef</p>
		<p>Martin participe à l’émission Top Chef</p>
		<h4 class="cd-date">2015</h4>
		</div>
		</div>
	</div>
	<div class="cd-timeline-block">
		<div class="cd-timeline-img cd-picture kd-animated ">
		<img decoding="async" src="https://amandier.be/1/wp-content/themes/villenoir/images/cd-icon-location.svg" alt="Location">
		</div>
		<div class="cd-timeline-content kd-animated ">
		 <img decoding="async" class="wp-post-image " src="https://amandier.be/1/wp-content/uploads/2023/02/DSC06886-2.jpg" alt="" /> 
		<div class="cd-timeline-content-wrapper">
		<p class="cd-title">Changement de chef</p>
		<p>Martin prend les commandes des cuisines de L’Amandier</p>
		<h4 class="cd-date">2018</h4>
		</div>
		</div>
	</div>
	<div class="cd-timeline-block">
		<div class="cd-timeline-img cd-picture kd-animated ">
		<img decoding="async" src="https://amandier.be/1/wp-content/themes/villenoir/images/cd-icon-location.svg" alt="Location">
		</div>
		<div class="cd-timeline-content kd-animated ">
		 <img decoding="async" class="wp-post-image " src="https://amandier.be/1/wp-content/uploads/2023/02/martin_volkaerts.jpg" alt="" /> 
		<div class="cd-timeline-content-wrapper">
		<p class="cd-title">Meilleur jeune chef de wallonie</p>
		<p>Martin remporte le prix Gault Millau du meilleur jeune chef de Wallonie</p>
		<h4 class="cd-date">2021</h4>
		</div>
		</div>
	</div>
	<div class="cd-timeline-block">
		<div class="cd-timeline-img cd-picture kd-animated ">
		<img decoding="async" src="https://amandier.be/1/wp-content/themes/villenoir/images/cd-icon-location.svg" alt="Location">
		</div>
		<div class="cd-timeline-content kd-animated ">
		 <img decoding="async" class="wp-post-image " src="https://amandier.be/1/wp-content/uploads/2023/02/322052301_1200494590583339_3967463796467893786_n-1.jpg" alt="" /> 
		<div class="cd-timeline-content-wrapper">
		<p class="cd-title">Le Cyprès</p>
		<p>Le chef ouvre également un second restaurant, Le Cyprès à Genval .<br />
C'est une cuisine de copains où il propose une cuisine bistronomique.<br />
Le Cypres: 85, Avenue de Mérode à Rixensart<br />
https://lecypres.be</p>
		<h4 class="cd-date">2022</h4>
		</div>
		</div>
	</div>
	<div class="cd-timeline-block">
		<div class="cd-timeline-img cd-picture kd-animated ">
		<img decoding="async" src="https://amandier.be/1/wp-content/themes/villenoir/images/cd-icon-location.svg" alt="Location">
		</div>
		<div class="cd-timeline-content kd-animated ">
		 <img decoding="async" class="wp-post-image " src="https://amandier.be/1/wp-content/uploads/2023/02/amandier-new-14-1.jpg" alt="" /> 
		<div class="cd-timeline-content-wrapper">
		<p class="cd-title">L’Amandier déménage</p>
		<p>Septembre 2022: L’Amandier déménage Avenue Albert 1er, ou Martin et sa famille emménagent également.</p>
		<h4 class="cd-date">2022</h4>
		</div>
		</div>
	</div>
	<div class="cd-timeline-block">
		<div class="cd-timeline-img cd-picture kd-animated ">
		<img decoding="async" src="https://amandier.be/1/wp-content/themes/villenoir/images/cd-icon-location.svg" alt="Location">
		</div>
		<div class="cd-timeline-content kd-animated ">
		 <img decoding="async" class="wp-post-image " src="https://amandier.be/1/wp-content/uploads/2023/02/MIC2901.jpg" alt="" /> 
		<div class="cd-timeline-content-wrapper">
		<p class="cd-title">Glycine et Eucalyptus</p>
		<p>L'Amandier propose dorénavant des séjours gastronomiques dans ses 2 chambres La Glycine et L'Eucalyptus</p>
		<h4 class="cd-date">2023</h4>
		</div>
		</div>
	</div></section>[/vc_column][/vc_row]</p>

<p>[vc_row full_width=&#8221;stretch_row&#8221; css_animation=&#8221;&#8221; css=&#8221;.vc_custom_1469107646994{padding-top: 120px !important;background-image: url(https://okthemes.com/villenoirdemo/wp-content/uploads/2016/03/our-story-back-image-17.jpg?id=1062) !important;background-position: 0 0 !important;background-repeat: no-repeat !important;}&#8221; el_class=&#8221;gg-force-background-bottom&#8221;][vc_column width=&#8221;1/2&#8243; css_animation=&#8221;&#8221;][vc_column_text css_animation=&#8221;&#8221;] L&#8217;Amandier Le chef, Martin Volkaerts, est tombé dans la gastronomie tout petit. Depuis 2022 il a repris les rênes du restaurant familial et l&#8217;a déménagé dans un magnifique écrin de verdure au centre de Genval. Il y propose<br class="read-more-spacer"> <a class="more-link" href="https://amandier.be/1/our-story/">Read More</a></p>
